Give s(b).
4
Let w(h) = 34*h + 1. Let b be ((-12)/8)/((-2)/4*3). Determine w(b).
35
Suppose y = -2*z + 16 - 0, 4*y - 37 = -5*z. Let j(k) be the first derivative of -k**4/4 + 10*k**3/3 - 9*k**2/2 - 7*k - 1654. Calculate j(z).
-7
Let z(r) be the third derivative of -r**4/12 + 2*r**3/3 - 75*r**2. Calculate z(8).
-12
Let f(c) = -c + 6. Let m(z) = z. Let u(i) = f(i) - 5*m(i). Calculate u(3).
-12
Let g(o) = 2*o - 4. Let t be 10/(-65) + 522/13. Suppose 6*b + 4 - t = 0. Determine g(b).
8
Let m(z) = 4*z + 3. Let s(q) = 11*q + 10. Let l = -31 + 14. Let d(p) = l*m(p) + 6*s(p). Give d(8).
-7
Let h(s) = s**3 + 6*s**2 + s + 3. Let l = 288 + -294. Determine h(l).
-3
Let a(r) = -4*r**3 + 9*r - 7*r**2 - 6*r**3 + 8*r**3 + 3*r**3. Calculate a(6).
18
Let s(c) = 3*c + 1. Let w be 0/(21/(-49)*-7). What is s(w)?
1
Let i(v) be the first derivative of -v**4/12 - 2*v**3/3 + v**2 - 12*v + 19. Let a(g) be the first derivative of i(g). Give a(-4).
2
Suppose 48 = -4*o - 3*s - s, 4*o + 12 = 5*s. Let f(x) = 2*x + 7. Calculate f(o).
-9
Let c(z) be the first derivative of z**4/2 + z**3 + 2*z**2 - 2*z + 80. What is c(-2)?
-14
Let f(x) be the third derivative of x**5/30 + 5*x**4/24 + x**3/2 + x**2. Let z = -42 + 50. Suppose 5*y = -2*b - 18, -15 = -5*y + z*y - 3*b. Determine f(y).
15
Let w(c) = -c**3 + 8. Let o = 11 + -11. Let s be 16/(-56) + 2/7. Suppose -3*r - 4*i + 4 = o, -4*i + s = 2*r - 4. Calculate w(r).
8
Let z(g) = -7*g - 1. Let v be 1*(6 - 5)*1*-2. Give z(v).
13
Let u be -2 + 24/5 - (-5)/25. Let c(y) = -2*y**2 + 12*y**u + 17279 - y - 17279. Give c(-1).
-13
Let z(a) = a**3 - a**2 - a + 1. Let g(h) = h**3 + 1. Let o(p) = 2*p**3 - 5*p**2 - 4*p + 2. Let t(k) = 3*g(k) + o(k). Let i(r) = 2*t(r) - 11*z(r). Give i(2).
1
Let f be ((-1)/(1/(-9)))/((-1)/(-1)). Let k be f/(-3)*(-10)/(-6). Let a(b) = -5*b + 1 + 2 + b**2 - 2*b**2. Calculate a(k).
3
Let f(n) = 7*n - 4. Let y(o) = -o**2 - 37*o - 208. Let i be y(-7). Give f(i).
10
Let j(z) = -z**2 + 8*z + 7. Let o(v) = v**3 - 2*v**2 + v - 3. Let k = -91 - -94. Let h be o(k). Determine j(h).
-2
Let j(w) be the third derivative of -w**4/12 + 5*w**3/6 - 113*w**2. What is j(-5)?
15
Let p(m) = 97*m - 42*m - 1 - 29*m - 51*m. Calculate p(1).
-26
Let w(a) = -a**3 - 16*a**2 + 10. Suppose -69 = 18*u + 219. Give w(u).
10
Let a(m) = -13*m - 2*m**3 + 8*m**3 - 5241*m**2 - 7*m**3 + 5253*m**2 - 5. Give a(11).
-27
Let n(j) = 2*j + 4 + 2*j - 3*j. Let c(l) = l**2 - l + 12. Let d be c(0). Suppose 0*z - d = 3*z. Calculate n(z).
0
Let a(g) = -g**3 + g - 2. Suppose -i + 11 = 4*k, 0*i - 3*i = k - 11. Determine a(i).
-26
Let c(d) = -d**2 - d. Let n(y) = -y**2 - y. Let h(j) = -c(j) + 3*n(j). Calculate h(-2).
-4
Let o be ((-2)/(-6))/(1/6). Let p(h) = 15*h - 1. What is p(o)?
29
Suppose 17*o - 9*o = -32. Let g(t) = -2*t**2 + 7*t - 4. Let y(k) = k**2 - 3*k + 2. Let v(b) = 6*g(b) + 13*y(b). Determine v(o).
6
Let k be ((-6)/(-12) - 0)*0. Let x(b) = b**3 - b**2 - 4. Determine x(k).
-4
Let m(n) = 3*n + 13. Let l be m(5). Suppose -3*g = -7*g + l. Let c(h) be the third derivative of -h**6/120 + 2*h**5/15 - h**4/4 - h**3/3 - h**2. Determine c(g).
5
Suppose -f + h = f - 3, 0 = 2*f + h - 5. Let v be 24/16 - (-3)/f. Let j(q) = q**3 - 5*q**2 + 2*q + 4. Determine j(v).
-8
Let q = 3 - 11. Let i = 7 + q. Let h(r) = -7*r**2 + 5*r + 6. Let n(b) = 6*b**2 - 4*b - 5. Let y(p) = -5*h(p) - 6*n(p). Give y(i).
0
Let o(y) = -y**2 - y - 2. Suppose n - 3 + 9 = -4*z, -5*z - 12 = -n. Give o(n).
-8
Let i be 7 - (-9)/((-63)/28). Let q(x) = x**3 - 2*x**2 - 4*x + 2. Determine q(i).
-1
Let d(p) = 4*p + 2. Let r(l) = l**2 + 10*l + 5. Let t(a) = -8*d(a) + 3*r(a). What is t(3)?
20
Let t(r) = -3 - 8*r**2 + r**3 - 9*r - 3*r + 4*r. Let v(o) = -o**2 + 11*o + 9. Let p be v(11). Calculate t(p).
6
Let x(n) = -n**2 + 5*n - 2. Suppose v + 7 = -34. Let u = -38 - v. Calculate x(u).
4
Let d(p) be the second derivative of -p**4/12 - 11*p**3/6 - 3*p**2/2 + 56*p. Let f(o) = -2*o - 20. Let r be f(-5). Calculate d(r).
7
Suppose -5*p + 2*z = 21, -8*z - 18 = 2*p - 4*z. Let w(s) = -7*s + 4. Determine w(p).
39
Let l(u) = 11*u**3 - 35*u**2 - 61*u + 26. Let s(k) = 4*k**3 - 12*k**2 - 21*k + 8. Let c(a) = -3*l(a) + 8*s(a). What is c(10)?
36
Let a = -26 + -10. Let j = 33 + a. Let b(u) = -u**3 + 2*u + u**2 + 0*u**2 - 4*u**2. Give b(j).
-6
Suppose 162*q - 93 = 131*q. Let z(a) = -2*a**2 + 4*a - 11. Let n(b) = b**2 - 2*b + 5. Let u(r) = -5*n(r) - 2*z(r). Give u(q).
-6
Let l(r) = -5 - r**3 + 2*r - r + r**2 + 0. Suppose 10*c = -3*c + 6*c. Give l(c).
-5
Let y(i) = -i**2 - 3*i + 6. Let b be y(-4). Let x(a) = a**b + 3*a - 17*a + 8*a + 6. Give x(6).
6
Let i(p) = 3*p + 6. Let x = -148 + 40. Let r be (-114)/21 + (x/(-42))/6. Give i(r).
-9
Let q(x) = x**2 - x - 1. Let f(g) = 4*g**3 - 7*g**2 + 3*g + 4. Let v(k) = f(k) + 5*q(k). Suppose 2*u - 45 = -47. What is v(u)?
-5
Let f(g) be the second derivative of g**4/12 + 5*g**3/6 - 17*g**2/2 + 5*g. Determine f(-7).
-3
Let z = -46 - -46. Let u(c) = -9 + z + 0*c + c**2 + 7*c + 3. What is u(-8)?
2
Let x(d) = d + 14. Let m(s) = -s**2 - 4. Let h be m(3). Let t be x(h). Let y(g) = -3*g - 1. Calculate y(t).
-4
Let h be ((-24)/9)/((-4)/6). Suppose 0*z - 8 = -h*z. Let d(b) = 3*b + 1. Let r(i) = 1. Let n(o) = -d(o) + 3*r(o). What is n(z)?
-4
Let x be (-4)/((-2)/(-2 - 0)). Let f(s) = 210 + 2*s - 209 + s - 4*s. Give f(x).
5
Let j be (27/(-12)*4)/(-3). Let z(q) be the third derivative of 0 + 8*q**2 - 5/24*q**4 - 1/6*q**j + 0*q. Determine z(-1).
4
Let f(i) = 3 - i - 3*i + i. Let h(m) = -2*m + 2. Let q(c) = 3*f(c) - 4*h(c). Determine q(-7).
8
Let r(k) = -11*k + 31 - 4*k + 14*k. Determine r(31).
0
Let v be (-2)/(-4)*1*(197 + -199). Let x(d) be the second derivative of -d**4/2 - d**2/2 - d. Determine x(v).
-7
Suppose -16 = -k - 6. Suppose 0 = 5*n - 0*n - 5*r - k, n = 2*r - 1. Let t(b) = -b**3 + 4*b**2 + 4*b + 3. Determine t(n).
-2
Suppose a + 0 - 3 = 0. Suppose x + 2*j - 8 = -0*x, -5*x + a*j + 1 = 0. Let o(i) = -4*i**2 - 1 - 4*i**2 + 2*i**x. Determine o(-1).
-7
Suppose 5*r = -4*x + 60, -3*x + 0*x + 4*r + 45 = 0. Suppose 0 = -5*v + v + 28. Suppose -v*d - x = -2*d. Let t(o) = o + 1. Determine t(d).
-2
Let i(h) be the second derivative of -7/2*h**2 + 0 + 1/20*h**5 + 5/12*h**4 - 7/6*h**3 + 14*h. Give i(-6).
-1
Let l(y) be the third derivative of y**4/2 - 2*y**2 - 399. Calculate l(3).
36
Let q be (28/(-6))/((-4)/(-18)*3). Let y(t) = 5*t**3 + 7*t**2 - 5*t - 6. Let v(u) = 2*u**3 + 3*u**2 - 2*u - 3. Let o(d) = q*v(d) + 3*y(d). Give o(0).
3
Let o = 20 + -18. Suppose 0 = -p + 2*p - o. Let f(j) = -j**2 + 2*j. What is f(p)?
0
Let w(l) = -5*l**2 + 63 - 60 + 6*l**2 + 0*l**2 - 19*l. Give w(19).
3
Let n(q) = -2*q**2 - 8*q - 9. Suppose -d - 4*w = 12, -5*d - w - 24 = -2. Determine n(d).
-9
Let r(k) be the first derivative of -9*k**2/2 - k + 63. Determine r(1).
-10
Let v(l) = 8*l**2 - 39*l - 31. Let x(i) = -12*i**2 + 58*i + 48. Let b(z) = 8*v(z) + 5*x(z). What is b(6)?
4
Let y(a) be the second derivative of 0 - 1/6*a**3 - a**2 - 7*a. Determine y(-2).
0
Let w(b) be the second derivative of b**4/12 + b**3 + 3*b**2 + 3*b + 35. Suppose -3*q = 6 - 21. Suppose -5*r = -r - q*l + 26, 0 = -r - 3*l + 2. Determine w(r).
-2
Let o be ((-6)/(-9))/(-2 + 795/396). Suppose o - 73 = -5*i. Let l(r) = -r**3 + 0 + 2 - 3*r**2 + 2*r + r. Calculate l(i).
-7
Suppose 2*t = -155 + 161. Suppose 11 = 3*p + 5*l - 26, -2*l - 2 = -t*p. Let b(i) = -i**3 + 5*i**2 - 2*i - 4. What is b(p)?
4
Let o(w) = 16*w**3 + 33*w**2 + 11*w + 26. Let t(q) = -3*q**3 - 6*q**2 - 2*q - 5. Let c(n) = 2*o(n) + 11*t(n). Suppose k = 5*k. What is c(k)?
-3
Let h(r) = -r**2 + 1. Let o(u) = 2*u**2 - 12*u + 7. Let p be o(5). Determine h(p).
-8
Let r(g) be the first derivative of 2*g**3/3 + g**2/2 - g - 2. Suppose 3*b + 2*b - 35 = 5*m, -2*m = 10. What is r(b)?
9
Let o(z) = z + 1. Let x be 1060/16 + (-45)/(-12) + -4. Let u = 63 - x. Determine o(u).
-2
Let f(z) = -z - 1. Let d = 550 + -550. Determine f(d).
-1
Let g(r) = -r**3 - 2*r**2 + 12*r + 6. Let f(b) = b**3 + 2*b**2 - 11*b - 7. Let q(j) = -3*f(j) - 2*g(j). Let p be q(-4). Let u(z) = z - 8. Calculate u(p).
-3
Let q(g) be the third derivative of 1/2*g**3 + 0 + 0*g + 22*g**2 - 1/60*g**5 - 1/24*g**4. What is q(-3)?
-3
Let w(k) be the second derivative of k**3/3 + 3*k**2 + 2*k. Let p be w(-4). Let c(y) = y. Let o(u) = 14*u - 2. Let a(s) = 10*c